 What is the hundreds digit of (m - s - 3)/(7/(-462))?
1
Let r(o) = 3*o**3 - 286*o**2 - 163*o - 172. What is the units digit of r(97)?
2
Let s(p) = -15*p**3 + 18*p**2 - 7*p + 5. Let t be s(4). Let r = t - -1421. What is the units digit of r?
6
Let f(z) = 5*z**2 - 3*z - 1. Let w be f(9). Suppose 4*g + 4*q = w + 1171, 4*q + 8 = 0. What is the hundreds digit of g?
3
Let m be ((3 - 3)/4)/(-1). Suppose 36*w - 37*w + 218 = m. What is the tens digit of w?
1
Let t(l) = 2*l**2 + 0 - 6 - l + 4*l. Let q be t(2). Let p(u) = u**3 - 10*u**2 + 20*u - 20. What is the units digit of p(q)?
2
Let f(z) = 20*z - 4*z**2 - 6*z**2 + 2*z**3 - 3*z**3 + 15 - z**2. Let m be f(-13). Let t = m + -22. What is the units digit of t?
1
Let a(j) = -194*j + 224. What is the ten thousands digit of a(-79)?
1
Let o = 10015 + -672. What is the tens digit of o?
4
Let p = -840 - -454. Let n = -215 - p. What is the units digit of n?
1
Let g(k) = 12*k**2 - 145*k + 2084. What is the ten thousands digit of g(-58)?
5
Suppose -10917 = -2*z + i - 2680, 12323 = 3*z + 5*i. What is the thousands digit of z?
4
Let f(j) = -2*j + 5. Let i be f(-1). Let b(a) = i*a + 36*a**2 - 12*a**2 - a**3 - 13*a**2 + 20. What is the units digit of b(10)?
0
Let j(t) be the third derivative of -t**5/30 - 95*t**4/24 - 25*t**3/3 + 95*t**2. What is the hundreds digit of j(-40)?
5
Suppose -297*n + 330368 = -268*n. What is the thousands digit of n?
1
Let p(r) = -16*r + 282. Let x(l) = -17*l + 280. Let q(y) = -4*p(y) + 5*x(y). What is the units digit of q(-35)?
7
What is the hundreds digit of 16/32*(-20)/2*(-16326)/10?
1
Suppose 12*u - 22922 = 31354. What is the tens digit of u?
2
Suppose 2*f - 4*v + 5 + 3 = 0, 0 = 5*f + 5*v - 10. Suppose f = 2*q - q - 3*y - 507, -4*q - 2*y = -1972. What is the hundreds digit of q?
4
Suppose 2362 = 5*i + 4*n, 4*i - n = -2*n + 1894. Suppose -11*c + i = -945. Let q = 336 - c. What is the units digit of q?
7
Let a(h) = 189*h**2 + 41*h - 95. What is the tens digit of a(2)?
4
Let v = 64458 + -36523. What is the units digit of v?
5
Suppose -125*d = 344*d - 22419607. What is the units digit of d?
3
Suppose 7*c - 34 + 6 = 0. Suppose -176 = -c*j + 116. Suppose t - 24 - j = 0. What is the tens digit of t?
9
Let a = 27 + -10. Let x(g) = 24 - 9*g + 5*g - a*g - 4. What is the hundreds digit of x(-5)?
1
Suppose c - 2*g - 3455 = 0, c + g = -38 + 3484. What is the hundreds digit of c?
4
Let s be (-2)/10 - 5901/(-105). Let p = s + -45. Suppose 16*x - 110 = p*x. What is the tens digit of x?
2
Let z be 18 + (0/(-2 + 4) - -2). Suppose z = 5*n - 10. Suppose -n*s = 5*s - 1276. What is the tens digit of s?
1
Let l = -96988 + 165744. What is the ten thousands digit of l?
6
Let f(r) = 38*r**2 - 1105*r + 10. What is the hundreds digit of f(33)?
9
What is the units digit of 10/10*(-81)/(-6)*(-2446)/(-3)?
7
Let q(z) = -z**3 - 26*z**2 - 62*z - 117. What is the hundreds digit of q(-24)?
2
Let a = -4320 - -13006. What is the tens digit of a?
8
Let a = -751 + 1123. Let k = -223 + a. Suppose -2*i - i + k = -5*b, 184 = 4*i - 3*b. What is the tens digit of i?
4
Suppose -4480 = 8*b - 16*b. Let p = b + -295. What is the tens digit of p?
6
Let f be 74/3 - 6/(-18). Let s(j) = 22 + 18*j - 30 - f - 2. What is the tens digit of s(6)?
7
Suppose 0 = -v - 4, 3*g + 2*v - 62 + 4 = 0. Let i(u) = u**3 - 19*u**2 - 52*u - 17. What is the tens digit of i(g)?
9
Suppose 4*l = 4*j + 9184, -l - 5*j + 2840 = 568. What is the hundreds digit of (1/3)/((-13750)/l + 6)?
3
Suppose -5*i = 2*t - 166596, 91346 = 2*i - 3*t + 24719. What is the units digit of i?
8
Suppose -12*s + 3 = 207. Let f(a) = a**3 + 17*a**2 - a + 39. What is the tens digit of f(s)?
5
Suppose 4*g = -2*s + 26942, 20403 + 20010 = 3*s - 4*g. What is the thousands digit of s?
3
Suppose 15*c + 3*v = 13*c - 353, 358 = -2*c - 2*v. Let t = c + 766. What is the tens digit of t?
8
Let o = -336 - -335. Let i(t) = 672*t**2 + 2*t + 2. What is the tens digit of i(o)?
7
What is the hundreds digit of 991860/180 - (2/10)/((-12)/(-20))?
5
Suppose 5*w - 2*w = 5*t - 18, 3*w = t - 6. Suppose -8*g = -t*g + 950. Let o = -97 - g. What is the tens digit of o?
9
Let y(x) = 38*x + 5. Let j(d) = 39*d + 6. Let z(k) = -2*j(k) + 3*y(k). Let o be z(8). Suppose -6*a + o = 33. What is the units digit of a?
3
Let y = -10 + 7. Let q = 23 - 26. What is the units digit of q - y*145/15?
6
Let y(f) = -4*f**3 - 3*f - 3. Let d be y(-1). Suppose -p - 4*t + 244 = -256, 0 = d*p + t - 2060. What is the tens digit of p?
1
Suppose 11*c - c = -1550. Let t = c - -464. Let j = -216 + t. What is the tens digit of j?
9
Let n = 15 - 10. Suppose 44*i + 228 - 316 = 0. Suppose 4*p - 403 = p + i*k, n*k = -p + 106. What is the units digit of p?
1
What is the tens digit of ((-3357500)/(-5100))/(2 + (-22)/6 - -2)?
7
Let j = -17871 - -20088. What is the units digit of j?
7
Let n(x) be the third derivative of 25*x**4/24 + 11*x**3/3 - 23*x**2 + 2. What is the hundreds digit of n(9)?
2
What is the hundreds digit of (-3)/((-84)/16) + 3777162/238?
8
Let o = -41 + 40. Let y(f) = 560*f**2 + 4*f + 4. What is the tens digit of y(o)?
6
Let x be ((-3522)/(-3))/(5/((-10)/4)). Let h = x - -1255. What is the units digit of h?
8
Suppose 0 = -4*x - 2*l + 21560, -5*x + 49*l - 44*l + 26980 = 0. What is the hundreds digit of x?
3
Suppose -33*i + 32*i - 4*z = -1716, -8529 = -5*i - 3*z. What is the units digit of i?
4
Suppose 2*u - b = -8, 4 = -5*u - 4*b - 42. Let n = -15 - -33. What is the units digit of (-3)/n + (-13)/u?
2
Let l(z) be the third derivative of -z**7/420 - z**6/144 - 7*z**5/60 - z**2. Let b(g) be the third derivative of l(g). What is the units digit of b(-4)?
3
Let h be ((-19)/2)/(9/(-216)). Suppose -4*t - h = -960. What is the tens digit of t?
8
Suppose -2*z = 2*r - 6*z + 1292, 4*z = 20. What is the tens digit of r*((-32)/48)/((-2)/(-3))?
3
Suppose -2*z + 3*s + 14468 = 0, 4*z - 28439 - 453 = -5*s. What is the thousands digit of z?
7
Let b be (-18)/4*3/(18/(-12)). Suppose -b = -86*t + 83*t. Suppose o + 4*q = 245, 0 = 5*o - t*q + 67 - 1200. What is the tens digit of o?
2
Suppose 0*l - 165 = l. Let u = -77 - l. What is the tens digit of u?
8
Let a(v) = -2*v - v**3 + 4*v + 10*v**3 - v**2 - 2. Let s(p) = p**2 + 28*p - 28. Let f be s(-29). What is the units digit of a(f)?
8
Suppose 0 = -101*a + 93090 + 641180. What is the hundreds digit of a?
2
Let b be 1 + (-35)/40 + (-28)/(-32). Let x(i) = -i**3 - 10*i**2 - i - 9. Let t be x(-10). What is the units digit of t/(-1)*b + 4*3?
1
Let t(f) = 3*f**2 + 236*f - 554. What is the thousands digit of t(-105)?
7
What is the units digit of 12/(-24)*74*-109?
3
Suppose -2*i + f = -13085, -6*i + 5*f - 13103 = -8*i. Suppose 21*j - i = 71. What is the units digit of j?
5
Let o(k) = 12*k. Let d(p) = p**2 - 13*p + 21. Let s be d(11). Let f be o(s). What is the units digit of 18/f + 51/2?
4
Suppose 2*a + 10*w - 1250 = 12*w, -5*a - 5*w = -3095. Suppose -2*i = 4*h - 816, h = -2*h - 4*i + a. What is the hundreds digit of h?
2
Let p(f) = 452*f + 39. Let t(k) = -902*k - 78. Let z(b) = -5*p(b) - 2*t(b). What is the hundreds digit of z(-2)?
8
Suppose -17*t - 21 = -24*t. Suppose -t*n = l - 0*n - 357, 349 = l + n. What is the hundreds digit of l?
3
Suppose 4*q = 3*l - 26, 5*l + 17 - 2 = -5*q. Suppose -3006 = -3*o + 2*b, 12*o - 17*o + 5010 = l*b. What is the tens digit of o?
0
Suppose 0 = -19*h + 114070 - 72526 + 261734. What is the tens digit of h?
6
What is the hundreds digit of (-2312310)/(-50) - (-8 + 180/25)?
2
Suppose 332 = -36*b + 44. Let u(t) be the first derivative of -31*t**2/2 - 34*t + 1. What is the units digit of u(b)?
4
Let n(c) be the first derivative of -43*c**2/2 + 66*c - 32. What is the tens digit of n(-11)?
3
Let x = 20 + -16. Suppose 0*s + 9 = -3*s, -x*s - 258 = -2*d. Suppose -2*q = -5*q + d. What is the tens digit of q?
4
Suppose 2*u + 27088 = -4*p + 219956, -241088 = -5*p - 2*u. What is the tens digit of p?
2
Suppose 26412 + 2876 = -28*l. Let m = -736 - l. What is the units digit of m?
0
Let p be ((-8)/(-32) - (-30)/8)*(3 - 1). Let m(q) be the second derivative of q**5/20 - 5*q**4/12 - 7*q**3/6 - q**2/2 - q. What is the units digit of m(p)?
5
Suppose -4*f + 8011 + 473 = z, -f + 2138 = -4*z. What is the hundreds digit of f?
1
Suppose d - 16398 = 3*p, -82014 = -5*d + 22*p - 19*p. What is the tens digit of d